alculate (3 - -1) + (-14 + 3 - -1) + 23.
17
Calculate -9 - -16 - 4 - (23 - 9).
-11
7 + (0 - 0 - (-29 + (62 - 40)))
14
Evaluate 1 - -11 - (-16 + 2 - -15).
11
Calculate -16 + (-6 - -35) + -2.
11
Calculate 6 + (-4 - -3) - (-336 + 317).
24
91 - 83 - ((-4 - (-1 + -4)) + 25)
-18
Calculate -5 + 8 - -6 - 16.
-7
What is the value of (-9 + -2 - 1) + 1 + 0 + 5?
-6
What is -5 + (5 - (-1 + (-6 - -3)))?
4
What is the value of (11 - (25 - 18)) + 7?
11
What is -4 + 15 - (-19 - -27 - -5)?
-2
Calculate 9 + (-2 - -13 - (11 + 0)) + -24.
-15
What is -6 + 1 - ((158 - 155) + (-33 - 2))?
27
Evaluate -1 + (7 + 29 - (-1 - 4) - 9).
31
Evaluate (15 + -30 - -16) + 18 - 5.
14
Evaluate 6 + -5 + -7 + 0 + 16 + 6.
16
Evaluate (-21 - (-9 + -17)) + -1 + -6.
-2
Evaluate (23 - 1 - 0) + 212 + -62 + -147.
25
What is the value of (3 - -3) + 32 + (13 - 29)?
22
What is 9 - (44 + -21) - 8?
-22
What is the value of 133 + -151 + (0 + -3 - -19)?
-2
(28 + -2 - -2) + 181 + -178
31
What is the value of 10 + (8 - (21 + -11))?
8
Calculate -13 + 13 + -2 + 1 + 22 + -25.
-4
What is 6 + 10 + (-2 - -5 - (17 + -11))?
13
Evaluate 25 + -34 + (-7 + 6 - 2) + 2.
-10
Calculate -30 + -30 + -13 + 37.
-36
206 + -209 + (-8 - -1 - -1) + 9
0
What is the value of 3 + (-8 - -5) - (2 + -1)?
-1
What is 13 + -14 + -3 + 16 + 9?
21
Evaluate 1 - -11 - (1996 + -1959).
-25
What is the value of (2 - 8) + -1 + (448 - 451)?
-10
What is the value of 20 + 1 + 14 + -15?
20
What is the value of -9 - (-9 + -14 - -18)?
-4
Evaluate 9 + -18 + (-10 + -2 - -8).
-13
Evaluate 9 + (-2 + 7 - 16).
-2
What is the value of -8 + (-13 - -10) + 5 + -1?
-7
Calculate (0 + 2 - (12 - 1)) + (99 - 96).
-6
Calculate -3 + 9 + (-10 - (-18 + 9)) - 1.
4
-8 + 14 + -19 + 3 + -16
-26
15 + -14 + (2 - 1 - -7)
9
Evaluate -17 - (23 + -53) - (0 - -35).
-22
Calculate (1 - 22) + (-112 - -108) + (20 - 21).
-26
What is the value of (9 - 5 - (22 + (-11 - -2))) + -6?
-15
What is the value of 5 + (-2 - ((-6 - -6) + 3)) + 11?
11
Evaluate (0 - 3 - -4) + 6 + -1 - -16.
22
What is the value of 15 - (-11 + 19) - ((2 - 1) + 9)?
-3
What is -14 - 0 - (13 - 23) - -2?
-2
What is -3 + 1 - 9 - 1 - (-135 - -126)?
-3
What is -41 + 20 - ((-6 - (0 + 0)) + 5)?
-20
5 - -6 - (43 + -53)
21
What is (18 - 8) + (2 - 14) - -8?
6
What is 14 - (7 + -8 - (-9 - -24))?
30
Calculate -16 - ((10 - (1 + 9)) + (-2 - -1)).
-15
What is -6 + 12 - (-9 - 4) - 3?
16
Evaluate -14 + (-27 - (-77 + 25)).
11
Calculate (20 - 31) + 18 + -17.
-10
What is the value of -885 - -875 - (-2 + (0 - 0))?
-8
34 + -45 + (3 - (6 + -4 + -23))
13
-8 - (-10 + -1 + 4 + (-162 - -147))
14
Calculate (-3 - 3 - -2) + (11 - -2).
9
What is the value of 1 + -3 + (-8 - (-6 + (3 - 0)))?
-7
What is -4 + -6 - (-28 + 6) - -5?
17
Evaluate 4 - (4 + 6 + (0 - (5 - -7))).
6
What is the value of -26 + (27 - 12) - -15?
4
What is the value of 5 + -7 + (5 - 6) + -12?
-15
Evaluate (-286 - -297) + (-4 - 1).
6
What is 2 - 16 - -20 - 5?
1
What is 7 + -3 + (-8 - (2 + -7)) + 11?
12
3 + 0 - (-5 + 7 + 3 + -21)
19
Calculate 134 + -124 + -1 + 2.
11
What is (-21 - (12 - 17)) + (0 - -1)?
-15
What is the value of (8 - (9 + 6)) + (1 - -2)?
-4
What is the value of 34 + -14 - 14 - -8?
14
What is the value of 13 - (14 + -40) - 15?
24
What is -9 + (30 - 52) - -40?
9
Calculate -5 + -9 - 15 - -46.
17
Calculate -2 + (3 - -1 - (43 + -31)).
-10
Calculate 11 - (12 + -20 + 2 + 11).
6
What is 15 - (18 - 16) - 8?
5
What is the value of -11 + 25 + -7 + 2?
9
What is -3 - -4 - 5 - 0?
-4
What is 4 + -8 + -13 + -2 - -8?
-11
What is 2 - (8 + 6 + -11)?
-1
What is the value of -6 - (4 - 11 - -10) - (-1 + 5)?
-13
What is 0 - (5 - 32) - 12?
15
What is -16 - -22 - (-1 - -12) - 4?
-9
What is (-20 - (3 - 25)) + (-1 - (2 + 1))?
-2
-1 + -14 + (14 - (-28 - -35))
-8
12 - (7 - 19) - 9
15
Evaluate 14 + -5 + 17 + -13.
13
What is the value of 12 + 7 + -11 + 6 + -1 - 1?
12
What is (2 + -11 - -11) + -20 + -1?
-19
What is the value of -2 - (-2 + (0 - -5) + -1)?
-4
-3 + -14 + 54 + -12
25
What is 7 + (-1 - 8) - -20 - 13?
5
Calculate -1 - (-4 - (4 - 9 - -6)) - -2.
6
Evaluate -10 - (-7 - (19 + -10 + (13 - 7))).
12
What is 280 + -284 + (2 - (-2 + 8 + -2))?
-6
What is -7 - (15 + -27) - (-7 + -3)?
15
9 + (291 + -302 - (-1 + 1 - 8))
6
What is (-9 - (5 + -2)) + (2 - -2)?
-8
What is the value of 2 + (-6 - 1 - -6 - 3)?
-2
What is the value of -35 - 2 - (110 - 141)?
-6
Evaluate 33 - (8 + 31 - 9).
3
(-55 - -57) + (1 - (4 - 2))
1
Evaluate -5 - -7 - (-5 + -9 + 21).
-5
Calculate 3 + 0 + 1 - (168 + -160).
-4
-6 - (5 + (10 - 21) + 5)
-5
4 + 7 + (5 - 15 - -13)
14
What is the value of 5 + -18 + 4 - -11?
2
What is the value of (-8 - -18 - -5) + -2?
13
What is 2 + -10 + 12 - 4?
0
What is 6 + -16 + -17 + -15 - -9?
-33
Evaluate (26 - -17 - 28) + 7 + -1.
21
-1 + 5 + (3 - (-5 + 4) - 3)
5
Calculate -4 + 1 + 1 + 0 + -3.
-5
Evaluate (5 + 3 + -10 - -2) + 8.
8
What is -1 + 3 + -18 - -26?
10
(0 - (2 - 4)) + 2 + (7 - 23)
-12
Calculate -35 + (-12 - (-2 - 5) - -7) - -8.
-25
Calculate -16 - -24 - (7 + 16).
-15
(0 - -10) + (-355 - -355) - -3
13
(-37 - -2) + 363 + -331
-3
Calculate 0 - -30 - (49 + (-86 - -45)).
22
Calculate -10 - (-11 + 18 + -25).
8
Calculate (10 - 2) + -15 - (36 + -77).
34
-7 + 3 + -6 + 0
-10
3 - ((8 - 4 - 8) + 5) - 13
-11
Evaluate -4 + (38 + -15 - 36).
-17
-4 + -7 + -11 + 11
-11
What is -16 + 5 + -2 + 50 - 15?
22
What is the value of -4 + -1 + 14 + 3 + -8?
4
What is (27 - (-6 + 5 + -1)) + 0 + -4?
25
245 + -231 - (19 + -6)
1
Calculate 4 + -1 + (17 - 5).
15
What is the value of (3 - -7) + (0 - -5) - (37 - 30)?
8
-6 + (11 - 5) + (0 - -4) + 0
4
What is the value of 4 - (5 + -1 + -9 + (6 - 3))?
6
Evaluate 43 + (-97 - -42) - (0 + -1 + 2).
-13
2 + -6 - (4 + (8 - (-6 + 15)))
-7
What is -11 + (-2 + 3 + -1 - -8)?
-3
Calculate 1888 + -1877 - (0 - 20).
31
Calculate 5 + 1 + (-18 - 2) + 28.
14
What is the value of -29 + -20 + 59 + -44 + -1 + 2?
-33
(-4 - -4) + -4 + (0 - 47 - -16)
-35
Evaluate -1 + -5 - 1 - (-2384 - -2379).
-2
What is 1 + -2 + 2 + 2 + -4 - -12?
11
Evaluate (-9 - -19) + (1 - (-3 - -5)).
9
Evaluate 1 - (-4 + 9 + -18 + (1 - 4)).
17
(-5 - -3) + -14 + -42 + 52
-6
Calculate -8 - ((-10 - (-1 + -5)) + 6).
-10
-1 + 15 - (7 + (-27 - -15))
19
What is the value of (-36 + (-7 - -13) - (-3 + 1)) + -7?
-35
What is -4 - (-17 + 5 + 0) - (1 + 26)?
-19
Calculate -45 + (1 - -11 - 3 - (100 - 101)).
-35
What is -4 - (3 + -5 - (15 - 12)) - -4?
5
174 + -179 + 8 + 0 - -13
16
-40 - -39 - (-9 - -3)
5
What is 28 - (2 + 3 - -22 - 14)?
15
Calculate 23 + -13 - (-10 + 1 + 2 + 3).
14
What is 47 - 42 - (13 - 3)?
-5
What is 0 - 27 - (44 - 66)?
-5
What is 21 + (24 - 50) + 13?
8
What is the value of 5 - (-7 - 0 - (15 + (-17 - 24)))?
-14
What is 6 + -6 + (2 - 19)?
-17
3 + (2 - 0 - (-7 + (13 - -23)))
-24
3 + -6 + (-5 - -7) + 2
1
-8 + (-4 - -2) - (-257 - -258) - -40
29
What is 9 + 1 - (-28 - -34)?
4
Evaluate (-8 - -7) + (-11 - -13 - -21).
22
What is the value of 11 + (-14 + 17 + 0 - 19)?
-5
What is the value of 11 - (29 + (-3 - (-12 + -3)) - 7)?
-23
Evaluate -11 + (-7 - 8) + 7.
-19
-4 - (-5 - -1) - (0 - 3)
3
What is -15 + 1 - (23 + -101 + 43)?
21
Calculate 6 - (-4 - 1 - (6 - 0 - 5)).
12
Evaluate 9 + (3 - (-8 + -13 + 12)).
21
Calculate -22 - 1 - 12 - -12.
-23
What is the value of 5 - (-8 + 1 + -1 + (4 - -8))?
1
Calculate 0 + (-7 - (-18 - -12)) - (-5 + 0).
4
Evaluate 22 + -14 + (-3 - (0 + 0)) + -7.
-2
Calculate 7 + 1 + 1 + -31 + 28 + -22.
-16
Calculate -3 + (3 - 36 - -13).
-23
Calculate 6 + -4 - (6 + -15) - 0.
11
What is the value of -12 + 11 + 33 + -14?
18
What is the value of -2 + -1 - (-37 + 29) - -4?
9
1 + (1 - 1) + -4 - -8
5
What is the value of (-22 - 0) + (75 - 83) + 13 + 0?
-17
What is the value of (-1 - -14) + -19 + -5 + (1 - -41)?
31
(2 - 5 - -1) + -31 + 16 + -16
-33
Evaluate -474 - -477 - (0 - -1 - (-15 - 1)).
-14
Evaluate (-3 - (2 - 8)) + (0 - (6 + 0)).
-3
Evaluate (-6 + -1 - -17 - 4) + 11.
17
What is -2 - (0 + -8) - (5 - 1) - -4?
6
What is -6 - (6 + 9 + (8 - 20))?
-9
-13 + -4 + -7 + (7 - 3) + 8
-12
What is the value of (-7 + 1 - 11) + (-10 - -17)?
-10
Calculate 5 + -12 - -3 - -12.
8
What is the value of 29 - (-10 - -7 - -18)?
14
Calculate 3 + (-2 - -8) + (-7 - (-3 - -4)).
1
What is -4 + 1 - ((-21 - -26) + -3)?
-5
What is (153 - 157) + (1 - -12)?
9
Calculate 7 + -13 - (31 + -25).
-12
Evaluate (41 - 54) + -3 + 2.
-14
(-3 - -32) + (-3 - 4 - 0)
22
